/s?
2, 7, 19
Let g(u) = 17*u**2 + u + 1. Let j be g(-1). Suppose -j = -4*r + 3. Suppose 0 = r*s - 187 - 218. What are the prime factors of s?
3
Let l(q) = 2*q**3 + 2*q**2 - 4*q - 7. Let u be l(4). Let c = u - -112. List the prime factors of c.
3, 83
Let x(m) be the second derivative of -19*m**3/6 + 107*m**2/2 + 2*m + 15. List the prime factors of x(-6).
13, 17
Let z(l) be the third derivative of l**4/12 - 8*l**3/3 + 21*l**2. Let w be z(9). What are the prime factors of ((-42)/(-9))/(w*(-2)/(-90))?
3, 5, 7
Let x = 2 - -21. Suppose -r + x = -4. What are the prime factors of 384/r - 4/18?
2, 7
Suppose 3*d + 5*g - 20 = 9, 11 = d + 2*g. Suppose 693 = d*x - 963. Suppose 0 = -7*m + 15 + x. What are the prime factors of m?
3
Suppose 5*z + p = 42515, 2*z + 5*p - 544 = 16462. List the prime factors of z.
11, 773
Let n = 1057 - -45260. List the prime factors of n.
3, 15439
Let k(d) = 54*d - 96. Let v be k(9). Suppose -4*q = -4*w + 1764, -w - 2*q + v + 57 = 0. What are the prime factors of w?
443
Suppose -271*r - 869932 = -285*r. List the prime factors of r.
2, 31069
Suppose -72*c + 77600 = -56*c. List the prime factors of c.
2, 5, 97
Suppose -27*r = 26*r - 28*r - 482450. List the prime factors of r.
2, 9649
Suppose 0 = 2*c - 9 + 1. Suppose 3*m = 6*m + d - 35, 2*m - c*d = 0. What are the prime factors of (4/10)/(m/25) - -55?
2, 7
Let l = 53 + -24. List the prime factors of (-6)/(-27) + l/(-9) - -134.
131
Suppose -3*l + 4*o - 287 = -38, -3 = o. Let a = 370 - l. What are the prime factors of a?
457
What are the prime factors of -9 + (-385084)/(-8 - 9)?
22643
List the prime factors of 62740 - (-296)/(-37)*(-3)/4.
2, 137, 229
Let b(m) = 2*m**3 - m + 56. Let w be b(0). Suppose 2*h = -48 + w, 0 = l - 2*h - 463. What are the prime factors of l?
3, 157
Let i = 9250 + -5497. What are the prime factors of i?
3, 139
Let f = -429 + 383. Let a(s) = s**2 - s + 13. Let i be a(12). Let l = f + i. What are the prime factors of l?
3, 11
Let r = 309 + -201. Let s = -50 + r. Suppose 0 = -10*p + s + 492. List the prime factors of p.
5, 11
Let d be 6 - 6 - -3 - 1. Suppose -133 - 13 = -d*a. List the prime factors of a.
73
Suppose -109112 = -3*n + 2*y + 53594, -y = 5. What are the prime factors of n?
2, 6779
Suppose -f + 3*n + 62961 = 0, -82*n + 188795 = 3*f - 80*n. List the prime factors of f.
3, 7, 37
Let y = -199 + 199. What are the prime factors of (y - -1)/((2/(-1))/(-628))?
2, 157
Let l = 55286 - 6100. List the prime factors of l.
2, 24593
Suppose -2*j - 2*j = 3*x - 22, 2*x - 2*j + 4 = 0. Suppose 5*v - 359 = -2*i, 204 = 5*v - x*i - 167. What are the prime factors of v?
73
Suppose -15*g + g + 3330 = -5*g. List the prime factors of g.
2, 5, 37
Suppose 13*n - 19169 = 138625. List the prime factors of n.
2, 3, 7, 17
Suppose 0 = 18*m - 4*m - 0*m - 264698. List the prime factors of m.
7, 37, 73
Let z(l) = -29*l**3 - 5*l**2 + 4. Let a(w) = w**2 - 1. Let o(m) = 4*a(m) + z(m). What are the prime factors of o(-1)?
2, 7
Suppose 110*u - 18 = 108*u. Suppose u*b = 4087 - 424. List the prime factors of b.
11, 37
Let o(m) = -m**2 + 20*m - 6. Let h be (-174)/(-4) + (-3)/(-6). Suppose -2*t = -2*z + h, z = -3*z - 2*t + 64. List the prime factors of o(z).
2, 3, 5
Suppose -d + 35 = -32. Let b = 77 - d. Let c(q) = 13*q - 30. List the prime factors of c(b).
2, 5
Let i(s) = s**3 + 2*s**2 - 3*s - 6. Let f be i(-2). Suppose -2 = -f*c - c. Suppose 0 = -7*r + c*r + 400. What are the prime factors of r?
2, 5
Let a(t) = -2*t**3 - 13*t + 0*t + t**3 - 21 + 11*t - 12*t**2. Let s be a(-12). List the prime factors of 4 - ((-4)/(-12) + (-613)/s).
2, 13
Suppose -5*c - 4 = -6*c. Suppose 3*v + c*q - 5495 + 1178 = 0, 4*v - 5769 = -q. What are the prime factors of v/21 - 1 - (-8)/28?
2, 17
Let i = 71 + -66. Suppose i*h + 272 = 7*h. List the prime factors of h.
2, 17
Suppose -6392 = 20*h + 6308. List the prime factors of -6 - (h - -3 - 6).
2, 79
Let k be 650/(-702) + 2/(-27). List the prime factors of (-7 + 8)*(0 + k + 686).
5, 137
Suppose 0 = 4*u - 5*v - 80355, -14 = 3*v - 29. What are the prime factors of u?
5, 4019
Let y(t) = 15*t**3 + 2*t**2 + 9. Let g(h) = -3 - h**2 + 89*h**3 - 96*h**3 - 1. Let l(z) = 5*g(z) + 2*y(z). List the prime factors of l(-2).
2, 17
Suppose y - 2*n = 9431 - 3159, 5*y + n - 31338 = 0. What are the prime factors of y?
2, 1567
Let x(g) = 7*g + 33. Suppose 2*m - 8 = 50. Suppose 10 - 1 = 3*t + 3*p, p = 3*t - m. What are the prime factors of x(t)?
89
Suppose -275*f - 2185092 = 257*f - 28477064. What are the prime factors of f?
73, 677
What are the prime factors of 1/(-18)*6*-23670?
2, 3, 5, 263
Let l be (-15)/5 + 9*(1 + 0). Suppose 784 = 14*n - l*n. Let b = n + 87. What are the prime factors of b?
5, 37
Let i = -7489 - -5293. Let r = i - -3596. What are the prime factors of r?
2, 5, 7
Let q(z) = 73*z**2 - 108*z + 16. Let f(p) = 37*p**2 - 55*p + 7. Let v(a) = 7*f(a) - 3*q(a). What are the prime factors of v(4)?
397
Let y be (-3)/((1/(-27))/(1/(-3))). What are the prime factors of y*(3 + (-11 + 2)/1)?
2, 3
Suppose 0 = -8*a + 74 - 10. Let t(h) = -6*h + 84. Let o(i) = 4*i - 56. Let r(g) = -8*o(g) - 5*t(g). List the prime factors of r(a).
2, 3
Suppose 2*p + 7703 = 3*p. Suppose -197 = 18*q - p. List the prime factors of q.
3, 139
Let k = -36 + 35. Let c be ((-6 + 6)/((-1)/k))/1. Suppose c = -6*l + 2*l + 336. What are the prime factors of l?
2, 3, 7
Suppose -3*o - 4*i + 5 + 2 = 0, -2 = 3*o - 5*i. Suppose -p - 89 = -2*k - 254, -p = o. Let y = k + 130. List the prime factors of y.
47
Let w(r) = 332*r + 1059. List the prime factors of w(69).
3, 2663
What are the prime factors of 72/270 - 8698738/(-345)?
2, 7, 1801
Suppose 0 = -586*n + 523*n + 1801233. List the prime factors of n.
28591
Let c(g) = -g**3 - 17*g**2 - 31*g - 26. Let k be c(-21). Suppose 5*a + k = 3*o, 0 = -5*o - 3*a + 1658 + 2369. What are the prime factors of o?
11, 73
Let l = 65005 + -25419. What are the prime factors of l?
2, 19793
Suppose -11*z = -19*z - 4*a + 436684, 0 = 3*a + 9. What are the prime factors of z?
13, 17, 19
Let n = -49 + 28. Let d = n + 21. Let r(t) = -t**3 + t**2 + 17. What are the prime factors of r(d)?
17
List the prime factors of (-75)/(-105) - (-4 + (-256080)/21).
11, 1109
Let z = -20902 + 35604. What are the prime factors of z?
2, 7351
Let i(m) = m**2 - 2*m - 5. Let x be i(4). Let d(w) = -10 - 2*w - x*w + 8*w - 5*w. List the prime factors of d(-19).
2, 7
Suppose 4*o - 2*j - 1696 = 2726, -1098 = -o + 3*j. List the prime factors of o.
3, 41
Suppose -29*t = 2274 + 11559. Let n = t - -1037. List the prime factors of n.
2, 5, 7
Suppose 8 = c - 3*c, c + 331 = 3*x. Let s = -121 + x. Let q(b) = b**2 + 10*b + 29. List the prime factors of q(s).
53
Let t = 566 - 318. Suppose t - 1683 = -5*z. What are the prime factors of z?
7, 41
Let j(f) = 252*f + 36. Let y(s) = -s - 1. Let w(o) = j(o) + 54*y(o). Let u be w(5). Suppose u = 12*i - 3*i. What are the prime factors of i?
2, 3
Let j be (-10)/(2/((12/4)/(-3))). Suppose -j*q = -105 - 35. Let i = q + 40. What are the prime factors of i?
2, 17
Suppose 0 = -89*r + 62*r - 162*r + 9445086. List the prime factors of r.
2, 3, 8329
What are the prime factors of (-60)/(-50) - 1196728/(-185)?
2, 5, 647
Suppose -12 - 38 = 5*s. Let d be (-2)/s*(-30)/12*0. Suppose -4*c + 3*t + 749 = d, -3*c - 4*t + 728 = c. List the prime factors of c.
5, 37
Let l = -36748 - -64768. List the prime factors of l.
2, 3, 5, 467
Suppose -5*t = 3*c + 757, 5*c + 95 = 4*t - 1142. Let a = c + 519. What are the prime factors of a?
2, 3, 5
Let r(m) = m + 1. Let f(g) = g**3 + 13*g**2 - 11*g - 7. Let t(b) = f(b) + r(b). Let w be t(-13). Suppose -488 = -4*u - w. List the prime factors of u.
7, 13
Let y(h) = 573*h - 1187. List the prime factors of y(8).
43, 79
Let w be -2 - 55/(-25) - 186/5. Let m = 31 + w. Let h(a) = a**2 - a - 17. What are the prime factors of h(m)?
5
Let s(f) = -4*f + 58*f**2 + 43*f**2 - 8*f + 15*f**2 - 26. List the prime factors of s(-2).
2, 3, 7, 11
Let v be 49/3 - 2/(-3). Let r(h) be the second derivative of -h**5/20 + 4*h**4/3 + 7*h**3/2 + 29*h**2/2 + h + 2159. List the prime factors of r(v).
97
Let q(d) = -2*d**3 - 28*d**2 + 4*d + 35. Let j be q(-16). Suppose -3*w - 4*l + j = 0, 3*w = 4*l + 1003 + 24. List the prime factors of w.
337
Let z be -3 - 5/(20/(-496)). Suppose -z*m = -128*m + 1491. 